{"id":133,"date":"2023-04-12T21:55:24","date_gmt":"2023-04-12T20:55:24","guid":{"rendered":"https:\/\/avsc13.fr\/site\/?page_id=133"},"modified":"2025-09-18T19:31:53","modified_gmt":"2025-09-18T18:31:53","slug":"autres-ouvrages-sur-saint-chamas","status":"publish","type":"page","link":"https:\/\/avsc13.fr\/site\/autres-ouvrages-sur-saint-chamas\/","title":{"rendered":"Autres ouvrages sur Saint-Chamas"},"content":{"rendered":"\n<p class=\"has-text-align-center\"><strong>Cliquer sur la couverture pour acc\u00e9der aux informations d\u00e9taill\u00e9es de chaque ouvrage :<\/strong><\/p>\n\n\n\n<figure class=\"wp-block-gallery has-nested-images columns-default is-cropped wp-block-gallery-1 is-layout-flex wp-block-gallery-is-layout-flex\">\n<figure class=\"wp-block-image size-large\"><a href=\"https:\/\/avsc13.fr\/site\/wp-content\/uploads\/2023\/05\/1903-Chabaud-Saint-Chamas-depuis-ses-origines-jusqu-a-nos-jours.jpg\"><img loading=\"lazy\" decoding=\"async\" width=\"647\" height=\"1024\" data-id=\"477\" src=\"https:\/\/avsc13.fr\/site\/wp-content\/uploads\/2023\/05\/1903-Chabaud-Saint-Chamas-depuis-ses-origines-jusqu-a-nos-jours-647x1024.jpg\" alt=\"\" class=\"wp-image-477\" srcset=\"https:\/\/avsc13.fr\/site\/wp-content\/uploads\/2023\/05\/1903-Chabaud-Saint-Chamas-depuis-ses-origines-jusqu-a-nos-jours-647x1024.jpg 647w, https:\/\/avsc13.fr\/site\/wp-content\/uploads\/2023\/05\/1903-Chabaud-Saint-Chamas-depuis-ses-origines-jusqu-a-nos-jours-189x300.jpg 189w, https:\/\/avsc13.fr\/site\/wp-content\/uploads\/2023\/05\/1903-Chabaud-Saint-Chamas-depuis-ses-origines-jusqu-a-nos-jours-768x1216.jpg 768w, https:\/\/avsc13.fr\/site\/wp-content\/uploads\/2023\/05\/1903-Chabaud-Saint-Chamas-depuis-ses-origines-jusqu-a-nos-jours.jpg 876w\" sizes=\"auto, (max-width: 647px) 100vw, 647px\" \/><\/a><figcaption class=\"wp-element-caption\">1903<\/figcaption><\/figure>\n\n\n\n<figure class=\"wp-block-image size-large\"><a href=\"https:\/\/avsc13.fr\/site\/wp-content\/uploads\/2023\/05\/1971-Histoire-regionale-de-la-franc-maconnerie.jpg\"><img loading=\"lazy\" decoding=\"async\" width=\"728\" height=\"1024\" data-id=\"474\" src=\"https:\/\/avsc13.fr\/site\/wp-content\/uploads\/2023\/05\/1971-Histoire-regionale-de-la-franc-maconnerie-728x1024.jpg\" alt=\"\" class=\"wp-image-474\" srcset=\"https:\/\/avsc13.fr\/site\/wp-content\/uploads\/2023\/05\/1971-Histoire-regionale-de-la-franc-maconnerie-728x1024.jpg 728w, https:\/\/avsc13.fr\/site\/wp-content\/uploads\/2023\/05\/1971-Histoire-regionale-de-la-franc-maconnerie-213x300.jpg 213w, https:\/\/avsc13.fr\/site\/wp-content\/uploads\/2023\/05\/1971-Histoire-regionale-de-la-franc-maconnerie-768x1080.jpg 768w, https:\/\/avsc13.fr\/site\/wp-content\/uploads\/2023\/05\/1971-Histoire-regionale-de-la-franc-maconnerie.jpg 876w\" sizes=\"auto, (max-width: 728px) 100vw, 728px\" \/><\/a><figcaption class=\"wp-element-caption\">1971<\/figcaption><\/figure>\n\n\n\n<figure class=\"wp-block-image size-large\"><a href=\"https:\/\/avsc13.fr\/site\/wp-content\/uploads\/2023\/05\/1992-Eglise-de-Saint-Chamas.jpg\"><img loading=\"lazy\" decoding=\"async\" width=\"735\" height=\"1024\" data-id=\"482\" src=\"https:\/\/avsc13.fr\/site\/wp-content\/uploads\/2023\/05\/1992-Eglise-de-Saint-Chamas-735x1024.jpg\" alt=\"\" class=\"wp-image-482\" srcset=\"https:\/\/avsc13.fr\/site\/wp-content\/uploads\/2023\/05\/1992-Eglise-de-Saint-Chamas-735x1024.jpg 735w, https:\/\/avsc13.fr\/site\/wp-content\/uploads\/2023\/05\/1992-Eglise-de-Saint-Chamas-215x300.jpg 215w, https:\/\/avsc13.fr\/site\/wp-content\/uploads\/2023\/05\/1992-Eglise-de-Saint-Chamas-768x1070.jpg 768w, https:\/\/avsc13.fr\/site\/wp-content\/uploads\/2023\/05\/1992-Eglise-de-Saint-Chamas.jpg 876w\" sizes=\"auto, (max-width: 735px) 100vw, 735px\" \/><\/a><figcaption class=\"wp-element-caption\">1992<\/figcaption><\/figure>\n\n\n\n<figure class=\"wp-block-image size-large\"><a href=\"https:\/\/avsc13.fr\/site\/wp-content\/uploads\/2023\/05\/1993-Cornillon-et-Confoux-leurs-eglises-et-leur-histoire.jpg\"><img loading=\"lazy\" decoding=\"async\" width=\"721\" height=\"1024\" data-id=\"479\" src=\"https:\/\/avsc13.fr\/site\/wp-content\/uploads\/2023\/05\/1993-Cornillon-et-Confoux-leurs-eglises-et-leur-histoire-721x1024.jpg\" alt=\"\" class=\"wp-image-479\" srcset=\"https:\/\/avsc13.fr\/site\/wp-content\/uploads\/2023\/05\/1993-Cornillon-et-Confoux-leurs-eglises-et-leur-histoire-721x1024.jpg 721w, https:\/\/avsc13.fr\/site\/wp-content\/uploads\/2023\/05\/1993-Cornillon-et-Confoux-leurs-eglises-et-leur-histoire-211x300.jpg 211w, https:\/\/avsc13.fr\/site\/wp-content\/uploads\/2023\/05\/1993-Cornillon-et-Confoux-leurs-eglises-et-leur-histoire-768x1092.jpg 768w, https:\/\/avsc13.fr\/site\/wp-content\/uploads\/2023\/05\/1993-Cornillon-et-Confoux-leurs-eglises-et-leur-histoire.jpg 876w\" sizes=\"auto, (max-width: 721px) 100vw, 721px\" \/><\/a><figcaption class=\"wp-element-caption\">1993<\/figcaption><\/figure>\n\n\n\n<figure class=\"wp-block-image size-large\"><a href=\"https:\/\/avsc13.fr\/site\/wp-content\/uploads\/2023\/05\/1996-Chapelle-Saint-Leger-a-Saint-Chamas.jpg\"><img loading=\"lazy\" decoding=\"async\" width=\"704\" height=\"1024\" data-id=\"478\" src=\"https:\/\/avsc13.fr\/site\/wp-content\/uploads\/2023\/05\/1996-Chapelle-Saint-Leger-a-Saint-Chamas-704x1024.jpg\" alt=\"\" class=\"wp-image-478\" srcset=\"https:\/\/avsc13.fr\/site\/wp-content\/uploads\/2023\/05\/1996-Chapelle-Saint-Leger-a-Saint-Chamas-704x1024.jpg 704w, https:\/\/avsc13.fr\/site\/wp-content\/uploads\/2023\/05\/1996-Chapelle-Saint-Leger-a-Saint-Chamas-206x300.jpg 206w, https:\/\/avsc13.fr\/site\/wp-content\/uploads\/2023\/05\/1996-Chapelle-Saint-Leger-a-Saint-Chamas-768x1117.jpg 768w, https:\/\/avsc13.fr\/site\/wp-content\/uploads\/2023\/05\/1996-Chapelle-Saint-Leger-a-Saint-Chamas.jpg 876w\" sizes=\"auto, (max-width: 704px) 100vw, 704px\" \/><\/a><figcaption class=\"wp-element-caption\">1996<\/figcaption><\/figure>\n\n\n\n<figure class=\"wp-block-image size-large\"><a href=\"https:\/\/avsc13.fr\/site\/wp-content\/uploads\/2023\/05\/2000-Saint-Chamas-en-Provence-Histoire-de-nos-rues-et-quartiers.jpg\"><img loading=\"lazy\" decoding=\"async\" width=\"774\" height=\"1024\" data-id=\"480\" src=\"https:\/\/avsc13.fr\/site\/wp-content\/uploads\/2023\/05\/2000-Saint-Chamas-en-Provence-Histoire-de-nos-rues-et-quartiers-774x1024.jpg\" alt=\"\" class=\"wp-image-480\" srcset=\"https:\/\/avsc13.fr\/site\/wp-content\/uploads\/2023\/05\/2000-Saint-Chamas-en-Provence-Histoire-de-nos-rues-et-quartiers-774x1024.jpg 774w, https:\/\/avsc13.fr\/site\/wp-content\/uploads\/2023\/05\/2000-Saint-Chamas-en-Provence-Histoire-de-nos-rues-et-quartiers-227x300.jpg 227w, https:\/\/avsc13.fr\/site\/wp-content\/uploads\/2023\/05\/2000-Saint-Chamas-en-Provence-Histoire-de-nos-rues-et-quartiers-768x1016.jpg 768w, https:\/\/avsc13.fr\/site\/wp-content\/uploads\/2023\/05\/2000-Saint-Chamas-en-Provence-Histoire-de-nos-rues-et-quartiers.jpg 876w\" sizes=\"auto, (max-width: 774px) 100vw, 774px\" \/><\/a><figcaption class=\"wp-element-caption\">2000<\/figcaption><\/figure>\n\n\n\n<figure class=\"wp-block-image size-large\"><a href=\"https:\/\/avsc13.fr\/site\/wp-content\/uploads\/2023\/05\/2007-Saint-Chamas-village-provencal-et-port-lacustre.jpg\"><img loading=\"lazy\" decoding=\"async\" width=\"876\" height=\"902\" data-id=\"475\" src=\"https:\/\/avsc13.fr\/site\/wp-content\/uploads\/2023\/05\/2007-Saint-Chamas-village-provencal-et-port-lacustre.jpg\" alt=\"\" class=\"wp-image-475\" srcset=\"https:\/\/avsc13.fr\/site\/wp-content\/uploads\/2023\/05\/2007-Saint-Chamas-village-provencal-et-port-lacustre.jpg 876w, https:\/\/avsc13.fr\/site\/wp-content\/uploads\/2023\/05\/2007-Saint-Chamas-village-provencal-et-port-lacustre-291x300.jpg 291w, https:\/\/avsc13.fr\/site\/wp-content\/uploads\/2023\/05\/2007-Saint-Chamas-village-provencal-et-port-lacustre-768x791.jpg 768w\" sizes=\"auto, (max-width: 876px) 100vw, 876px\" \/><\/a><figcaption class=\"wp-element-caption\">2007<\/figcaption><\/figure>\n\n\n\n<figure class=\"wp-block-image size-large\"><a href=\"https:\/\/avsc13.fr\/site\/wp-content\/uploads\/2023\/05\/2012-Le-clocher-de-Saint-Chamas.jpg\"><img loading=\"lazy\" decoding=\"async\" width=\"732\" height=\"1024\" data-id=\"481\" src=\"https:\/\/avsc13.fr\/site\/wp-content\/uploads\/2023\/05\/2012-Le-clocher-de-Saint-Chamas-732x1024.jpg\" alt=\"\" class=\"wp-image-481\" srcset=\"https:\/\/avsc13.fr\/site\/wp-content\/uploads\/2023\/05\/2012-Le-clocher-de-Saint-Chamas-732x1024.jpg 732w, https:\/\/avsc13.fr\/site\/wp-content\/uploads\/2023\/05\/2012-Le-clocher-de-Saint-Chamas-215x300.jpg 215w, https:\/\/avsc13.fr\/site\/wp-content\/uploads\/2023\/05\/2012-Le-clocher-de-Saint-Chamas-768x1074.jpg 768w, https:\/\/avsc13.fr\/site\/wp-content\/uploads\/2023\/05\/2012-Le-clocher-de-Saint-Chamas.jpg 876w\" sizes=\"auto, (max-width: 732px) 100vw, 732px\" \/><\/a><figcaption class=\"wp-element-caption\">2012<\/figcaption><\/figure>\n\n\n\n<figure class=\"wp-block-image size-large\"><a href=\"https:\/\/avsc13.fr\/site\/wp-content\/uploads\/2023\/05\/2013-Eglise-Saint-Leger.jpg\"><img loading=\"lazy\" decoding=\"async\" width=\"722\" height=\"1024\" data-id=\"472\" src=\"https:\/\/avsc13.fr\/site\/wp-content\/uploads\/2023\/05\/2013-Eglise-Saint-Leger-722x1024.jpg\" alt=\"\" class=\"wp-image-472\" srcset=\"https:\/\/avsc13.fr\/site\/wp-content\/uploads\/2023\/05\/2013-Eglise-Saint-Leger-722x1024.jpg 722w, https:\/\/avsc13.fr\/site\/wp-content\/uploads\/2023\/05\/2013-Eglise-Saint-Leger-212x300.jpg 212w, https:\/\/avsc13.fr\/site\/wp-content\/uploads\/2023\/05\/2013-Eglise-Saint-Leger-768x1089.jpg 768w, https:\/\/avsc13.fr\/site\/wp-content\/uploads\/2023\/05\/2013-Eglise-Saint-Leger.jpg 876w\" sizes=\"auto, (max-width: 722px) 100vw, 722px\" \/><\/a><figcaption class=\"wp-element-caption\">2013<\/figcaption><\/figure>\n\n\n\n<figure class=\"wp-block-image size-large\"><a href=\"https:\/\/avsc13.fr\/site\/wp-content\/uploads\/2023\/05\/2014-Saint-Chamas-une-ville-mobilisee-1914-1918.jpg\"><img loading=\"lazy\" decoding=\"async\" width=\"729\" height=\"1024\" data-id=\"473\" src=\"https:\/\/avsc13.fr\/site\/wp-content\/uploads\/2023\/05\/2014-Saint-Chamas-une-ville-mobilisee-1914-1918-729x1024.jpg\" alt=\"\" class=\"wp-image-473\" srcset=\"https:\/\/avsc13.fr\/site\/wp-content\/uploads\/2023\/05\/2014-Saint-Chamas-une-ville-mobilisee-1914-1918-729x1024.jpg 729w, https:\/\/avsc13.fr\/site\/wp-content\/uploads\/2023\/05\/2014-Saint-Chamas-une-ville-mobilisee-1914-1918-214x300.jpg 214w, https:\/\/avsc13.fr\/site\/wp-content\/uploads\/2023\/05\/2014-Saint-Chamas-une-ville-mobilisee-1914-1918-768x1078.jpg 768w, https:\/\/avsc13.fr\/site\/wp-content\/uploads\/2023\/05\/2014-Saint-Chamas-une-ville-mobilisee-1914-1918.jpg 876w\" sizes=\"auto, (max-width: 729px) 100vw, 729px\" \/><\/a><figcaption class=\"wp-element-caption\">2014<\/figcaption><\/figure>\n\n\n\n<figure class=\"wp-block-image size-large\"><a href=\"https:\/\/avsc13.fr\/site\/wp-content\/uploads\/2023\/05\/2019-Saint-Chamas-la-Singuliere.jpg\"><img loading=\"lazy\" decoding=\"async\" width=\"876\" height=\"881\" data-id=\"476\" src=\"https:\/\/avsc13.fr\/site\/wp-content\/uploads\/2023\/05\/2019-Saint-Chamas-la-Singuliere.jpg\" alt=\"\" class=\"wp-image-476\" srcset=\"https:\/\/avsc13.fr\/site\/wp-content\/uploads\/2023\/05\/2019-Saint-Chamas-la-Singuliere.jpg 876w, https:\/\/avsc13.fr\/site\/wp-content\/uploads\/2023\/05\/2019-Saint-Chamas-la-Singuliere-298x300.jpg 298w, https:\/\/avsc13.fr\/site\/wp-content\/uploads\/2023\/05\/2019-Saint-Chamas-la-Singuliere-150x150.jpg 150w, https:\/\/avsc13.fr\/site\/wp-content\/uploads\/2023\/05\/2019-Saint-Chamas-la-Singuliere-768x772.jpg 768w, https:\/\/avsc13.fr\/site\/wp-content\/uploads\/2023\/05\/2019-Saint-Chamas-la-Singuliere-80x80.jpg 80w\" sizes=\"auto, (max-width: 876px) 100vw, 876px\" \/><\/a><figcaption class=\"wp-element-caption\">2019<\/figcaption><\/figure>\n\n\n\n<figure class=\"wp-block-image size-large\"><a href=\"https:\/\/avsc13.fr\/site\/wp-content\/uploads\/2025\/09\/2025-Saint-Chamas-Metamorphoses.jpg\"><img loading=\"lazy\" decoding=\"async\" width=\"932\" height=\"1024\" data-id=\"787\" src=\"https:\/\/avsc13.fr\/site\/wp-content\/uploads\/2025\/09\/2025-Saint-Chamas-Metamorphoses-932x1024.jpg\" alt=\"\" class=\"wp-image-787\" srcset=\"https:\/\/avsc13.fr\/site\/wp-content\/uploads\/2025\/09\/2025-Saint-Chamas-Metamorphoses-932x1024.jpg 932w, https:\/\/avsc13.fr\/site\/wp-content\/uploads\/2025\/09\/2025-Saint-Chamas-Metamorphoses-273x300.jpg 273w, https:\/\/avsc13.fr\/site\/wp-content\/uploads\/2025\/09\/2025-Saint-Chamas-Metamorphoses-768x843.jpg 768w, https:\/\/avsc13.fr\/site\/wp-content\/uploads\/2025\/09\/2025-Saint-Chamas-Metamorphoses.jpg 1324w\" sizes=\"auto, (max-width: 932px) 100vw, 932px\" \/><\/a><figcaption class=\"wp-element-caption\">2025<\/figcaption><\/figure>\n<\/figure>\n","protected":false},"excerpt":{"rendered":"<p>Cliquer sur la couverture pour acc\u00e9der aux informations d\u00e9taill\u00e9es de chaque ouvrage :<\/p>\n","protected":false},"author":1,"featured_media":0,"parent":0,"menu_order":0,"comment_status":"closed","ping_status":"closed","template":"","meta":{"footnotes":""},"class_list":["post-133","page","type-page","status-publish","hentry"],"_links":{"self":[{"href":"https:\/\/avsc13.fr\/site\/wp-json\/wp\/v2\/pages\/133","targetHints":{"allow":["GET"]}}],"collection":[{"href":"https:\/\/avsc13.fr\/site\/wp-json\/wp\/v2\/pages"}],"about":[{"href":"https:\/\/avsc13.fr\/site\/wp-json\/wp\/v2\/types\/page"}],"author":[{"embeddable":true,"href":"https:\/\/avsc13.fr\/site\/wp-json\/wp\/v2\/users\/1"}],"replies":[{"embeddable":true,"href":"https:\/\/avsc13.fr\/site\/wp-json\/wp\/v2\/comments?post=133"}],"version-history":[{"count":7,"href":"https:\/\/avsc13.fr\/site\/wp-json\/wp\/v2\/pages\/133\/revisions"}],"predecessor-version":[{"id":789,"href":"https:\/\/avsc13.fr\/site\/wp-json\/wp\/v2\/pages\/133\/revisions\/789"}],"wp:attachment":[{"href":"https:\/\/avsc13.fr\/site\/wp-json\/wp\/v2\/media?parent=133"}],"curies":[{"name":"wp","href":"https:\/\/api.w.org\/{rel}","templated":true}]}}