{"id":258,"date":"2023-04-13T23:01:24","date_gmt":"2023-04-13T22:01:24","guid":{"rendered":"https:\/\/avsc13.fr\/site\/?page_id=258"},"modified":"2023-04-19T20:17:02","modified_gmt":"2023-04-19T19:17:02","slug":"historique","status":"publish","type":"page","link":"https:\/\/avsc13.fr\/site\/historique\/","title":{"rendered":"Pr\u00e9sentation"},"content":{"rendered":"\n<p>Afin d&rsquo;associer ses amis \u00e0 ses recherches arch\u00e9ologiques, Paul Lafran, instituteur du village, fonde les \u00ab\u00a0Amis du Vieux Saint-Chamas\u00a0\u00bb, association r\u00e9gie par la loi de 1901, sous le parrainage des \u00ab\u00a0Amis du Vieil Istres\u00a0\u00bb, pr\u00e9sid\u00e9s par le docteur Ren\u00e9 Beaucaire.<\/p>\n\n\n\n<p>L&rsquo;assembl\u00e9e g\u00e9n\u00e9rale constituante a lieu le 18 mai 1948 r\u00e9unissant une centaine de personnes dans la salle des mariages de la mairie de Saint-Chamas. Les premiers statuts sont approuv\u00e9s, les adh\u00e9rents d\u00e9signent le tout premier bureau : le docteur Guiraud est pr\u00e9sident&nbsp;; Paul Lafran est vice-pr\u00e9sident&nbsp;; Ren\u00e9 Trovero est secr\u00e9taire&nbsp;; enfin Roger Pellegrin est tr\u00e9sorier. L&rsquo;article premier des statuts sp\u00e9cifie \u00ab&nbsp;<em>&#8230; l&rsquo;\u00e9tude de toutes les questions folkloriques, de la langue proven\u00e7ale, ainsi que toutes les recherches scientifiques et artistiques qui s&rsquo;y rattachent.<\/em>&nbsp;\u00bb La d\u00e9claration en Pr\u00e9fecture est publi\u00e9e au Journal Officiel le 15 octobre 1948, sous le num\u00e9ro 245.<\/p>\n\n\n<div class=\"wp-block-image\">\n<figure class=\"aligncenter size-large\"><a href=\"https:\/\/avsc13.fr\/site\/wp-content\/uploads\/2023\/04\/AVSC-JORF-1948.jpg\"><img loading=\"lazy\" decoding=\"async\" width=\"1024\" height=\"348\" src=\"https:\/\/avsc13.fr\/site\/wp-content\/uploads\/2023\/04\/AVSC-JORF-1948-1024x348.jpg\" alt=\"\" class=\"wp-image-373\" srcset=\"https:\/\/avsc13.fr\/site\/wp-content\/uploads\/2023\/04\/AVSC-JORF-1948-1024x348.jpg 1024w, https:\/\/avsc13.fr\/site\/wp-content\/uploads\/2023\/04\/AVSC-JORF-1948-300x102.jpg 300w, https:\/\/avsc13.fr\/site\/wp-content\/uploads\/2023\/04\/AVSC-JORF-1948-768x261.jpg 768w, https:\/\/avsc13.fr\/site\/wp-content\/uploads\/2023\/04\/AVSC-JORF-1948.jpg 1425w\" sizes=\"auto, (max-width: 1024px) 100vw, 1024px\" \/><\/a><figcaption class=\"wp-element-caption\">Extrait du Journal Officiel de la R\u00e9publique fran\u00e7aise n\u00b0245 du 15 octobre 1948.<\/figcaption><\/figure>\n<\/div>\n\n\n<p>Le dimanche 22 juin 1952, le Mus\u00e9e associatif du Vieux Saint-Chamas est cr\u00e9\u00e9 dans un immeuble gracieusement pr\u00eat\u00e9 par la Municipalit\u00e9, dit de \u00ab&nbsp;l&rsquo;ancienne mairie&nbsp;\u00bb, dans la mont\u00e9e des P\u00e9nitents. Il abrite une riche collection d\u2019artefacts issue des diverses fouilles arch\u00e9ologiques. Gustave Plantier en est le premier conservateur.<\/p>\n\n\n\n<p>Les premiers articles paraissent entre 1948 et 1951 dans les \u00ab&nbsp;Cahiers de la Pr\u00e9histoire&nbsp;\u00bb. Le premier ouvrage \u00ab&nbsp;<em>Saint-Chamas des origines \u00e0 1851<\/em>&nbsp;\u00bb, \u00e9crit conjointement par Paul Lafran et Gustave Plantier, est \u00e9dit\u00e9 en 1955.<\/p>\n\n\n\n<p>Les activit\u00e9s de recherches sur la Pr\u00e9histoire et le monde antique se multiplient : fouilles de l&rsquo;Abri Villard, de l&rsquo;Abri Arnoux, sondages au Collet du Verdon, \u00e0 Miramas-Village, \u00e0 Cornillon-Confoux, sur le port romain \u00e0 Merveilles, \u00e0 l\u2019oppidum de Constantine, \u00e0 Ch\u00e2teau-Virant, dans les quartiers des Paluns et des Baisses (Suriane, Calissanne, Moyroux), sur les rives de la Touloubre &#8230;<\/p>\n\n\n\n<p>Les fouilles arch\u00e9ologiques n&rsquo;\u00e9tant plus autoris\u00e9es aux associations, ce sont des aspects du pass\u00e9 plus r\u00e9cent de Saint-Chamas qui sont pr\u00e9sent\u00e9s : histoire de la Poudrerie, le Pont Flavien, l&rsquo;explosion de 1936, la R\u00e9volution, le folklore, les habitations troglodytiques, la vie quotidienne des habitants du village au cours des si\u00e8cles \u2026 Plus de cinquante publications vont se succ\u00e9der gr\u00e2ce \u00e0 l&rsquo;aide financi\u00e8re des municipalit\u00e9s successives.<\/p>\n\n\n\n<p>Le 29 f\u00e9vrier 1980, les Amis du Vieux Saint-Chamas c\u00e8de la propri\u00e9t\u00e9 des collections \u00e0 la Municipalit\u00e9 de Saint-Chamas. Le mus\u00e9e associatif devient mus\u00e9e municipal. Le 2 janvier 1983, association et mairie signent une convention donnant d\u00e9l\u00e9gation aux Amis du Vieux Saint-Chamas pour continuer \u00e0 g\u00e9rer le mus\u00e9e municipal, enti\u00e8rement r\u00e9nov\u00e9 et inaugur\u00e9 le 6 juillet 1984. Il s&rsquo;enrichit consid\u00e9rablement gr\u00e2ce aux nombreux dons d&rsquo;adh\u00e9rents ou de visiteurs sympathisants et aux acquisitions de la Municipalit\u00e9.<\/p>\n\n\n\n<p>Alors que les Amis du Vieux Saint-Chamas c\u00e9l\u00e8brent leur cinquanti\u00e8me anniversaire, l\u2019\u00e9v\u00e9nement est endeuill\u00e9 par la disparition de son fondateur, Paul Lafran, le 29 avril 1998. Pour c\u00e9l\u00e9brer son souvenir, le mus\u00e9e devient le \u00ab&nbsp;Mus\u00e9e Municipal Paul Lafran&nbsp;\u00bb le 10 mars 2000. Le 21 novembre 2021, d\u2019un commun accord, l\u2019association abandonne la gestion du mus\u00e9e municipal au profit de la seule Municipalit\u00e9.<\/p>\n\n\n\n<p>L\u2019association poursuit son histoire emmen\u00e9e aujourd\u2019hui par Guy-Pierre Clauzel, son pr\u00e9sident depuis octobre 2021. Elle \u0153uvre inlassablement pour suivre la voie trac\u00e9e, fid\u00e8le aux buts fix\u00e9s lors de sa cr\u00e9ation : \u00e9tudes arch\u00e9ologiques, ethnologiques, historiques, sauvegarde du patrimoine, publications nouvelles, pr\u00e9sentation d&rsquo;expositions diverses, devoirs de m\u00e9moire, voila les missions que les Amis du Vieux Saint-Chamas ont \u00e0 c\u0153ur de r\u00e9ussir.<\/p>\n\n\n<div class=\"wp-block-image\">\n<figure class=\"aligncenter size-large\"><a href=\"https:\/\/avsc13.fr\/site\/wp-content\/uploads\/2023\/04\/327754480_564080879072483_4701720719967517049_n.jpg\"><img loading=\"lazy\" decoding=\"async\" width=\"1024\" height=\"768\" src=\"https:\/\/avsc13.fr\/site\/wp-content\/uploads\/2023\/04\/327754480_564080879072483_4701720719967517049_n-1024x768.jpg\" alt=\"\" class=\"wp-image-359\" srcset=\"https:\/\/avsc13.fr\/site\/wp-content\/uploads\/2023\/04\/327754480_564080879072483_4701720719967517049_n-1024x768.jpg 1024w, https:\/\/avsc13.fr\/site\/wp-content\/uploads\/2023\/04\/327754480_564080879072483_4701720719967517049_n-300x225.jpg 300w, https:\/\/avsc13.fr\/site\/wp-content\/uploads\/2023\/04\/327754480_564080879072483_4701720719967517049_n-768x576.jpg 768w, https:\/\/avsc13.fr\/site\/wp-content\/uploads\/2023\/04\/327754480_564080879072483_4701720719967517049_n-1536x1152.jpg 1536w, https:\/\/avsc13.fr\/site\/wp-content\/uploads\/2023\/04\/327754480_564080879072483_4701720719967517049_n.jpg 1728w\" sizes=\"auto, (max-width: 1024px) 100vw, 1024px\" \/><\/a><figcaption class=\"wp-element-caption\">Biblioth\u00e8que des Amis du Vieux Saint-Chamas<\/figcaption><\/figure>\n<\/div>","protected":false},"excerpt":{"rendered":"<p>Afin d&rsquo;associer ses amis \u00e0 ses recherches arch\u00e9ologiques, Paul Lafran, instituteur du village, fonde les \u00ab\u00a0Amis du Vieux Saint-Chamas\u00a0\u00bb, association r\u00e9gie par la loi de 1901, sous le parrainage des \u00ab\u00a0Amis du Vieil Istres\u00a0\u00bb,&#46;&#46;&#46;<\/p>\n","protected":false},"author":1,"featured_media":0,"parent":0,"menu_order":0,"comment_status":"closed","ping_status":"closed","template":"","meta":{"footnotes":""},"class_list":["post-258","page","type-page","status-publish","hentry"],"_links":{"self":[{"href":"https:\/\/avsc13.fr\/site\/wp-json\/wp\/v2\/pages\/258","targetHints":{"allow":["GET"]}}],"collection":[{"href":"https:\/\/avsc13.fr\/site\/wp-json\/wp\/v2\/pages"}],"about":[{"href":"https:\/\/avsc13.fr\/site\/wp-json\/wp\/v2\/types\/page"}],"author":[{"embeddable":true,"href":"https:\/\/avsc13.fr\/site\/wp-json\/wp\/v2\/users\/1"}],"replies":[{"embeddable":true,"href":"https:\/\/avsc13.fr\/site\/wp-json\/wp\/v2\/comments?post=258"}],"version-history":[{"count":5,"href":"https:\/\/avsc13.fr\/site\/wp-json\/wp\/v2\/pages\/258\/revisions"}],"predecessor-version":[{"id":379,"href":"https:\/\/avsc13.fr\/site\/wp-json\/wp\/v2\/pages\/258\/revisions\/379"}],"wp:attachment":[{"href":"https:\/\/avsc13.fr\/site\/wp-json\/wp\/v2\/media?parent=258"}],"curies":[{"name":"wp","href":"https:\/\/api.w.org\/{rel}","templated":true}]}}

Présentation

<p>Afin d&rsquo;associer ses amis à ses recherches archéologiques, Paul Lafran, instituteur du village, fonde les « Amis du Vieux Saint-Chamas », association régie par la loi de 1901, sous le parrainage des « Amis du Vieil Istres », présidés par le docteur René Beaucaire.</p>



<p>L&rsquo;assemblée générale constituante a lieu le 18 mai 1948 réunissant une centaine de personnes dans la salle des mariages de la mairie de Saint-Chamas. Les premiers statuts sont approuvés, les adhérents désignent le tout premier bureau : le docteur Guiraud est président&nbsp;; Paul Lafran est vice-président&nbsp;; René Trovero est secrétaire&nbsp;; enfin Roger Pellegrin est trésorier. L&rsquo;article premier des statuts spécifie «&nbsp;<em>&#8230; l&rsquo;étude de toutes les questions folkloriques, de la langue provençale, ainsi que toutes les recherches scientifiques et artistiques qui s&rsquo;y rattachent.</em>&nbsp;» La déclaration en Préfecture est publiée au Journal Officiel le 15 octobre 1948, sous le numéro 245.</p>


<div class="wp-block-image">
<figure class="aligncenter size-large"><a href="https://avsc13.fr/site/wp-content/uploads/2023/04/AVSC-JORF-1948.jpg"><img loading="lazy" decoding="async" width="1024" height="348" src="https://avsc13.fr/site/wp-content/uploads/2023/04/AVSC-JORF-1948-1024x348.jpg" alt="" class="wp-image-373" srcset="https://avsc13.fr/site/wp-content/uploads/2023/04/AVSC-JORF-1948-1024x348.jpg 1024w, https://avsc13.fr/site/wp-content/uploads/2023/04/AVSC-JORF-1948-300x102.jpg 300w, https://avsc13.fr/site/wp-content/uploads/2023/04/AVSC-JORF-1948-768x261.jpg 768w, https://avsc13.fr/site/wp-content/uploads/2023/04/AVSC-JORF-1948.jpg 1425w" sizes="auto, (max-width: 1024px) 100vw, 1024px" /></a><figcaption class="wp-element-caption">Extrait du Journal Officiel de la République française n°245 du 15 octobre 1948.</figcaption></figure>
</div>


<p>Le dimanche 22 juin 1952, le Musée associatif du Vieux Saint-Chamas est créé dans un immeuble gracieusement prêté par la Municipalité, dit de «&nbsp;l&rsquo;ancienne mairie&nbsp;», dans la montée des Pénitents. Il abrite une riche collection d’artefacts issue des diverses fouilles archéologiques. Gustave Plantier en est le premier conservateur.</p>



<p>Les premiers articles paraissent entre 1948 et 1951 dans les «&nbsp;Cahiers de la Préhistoire&nbsp;». Le premier ouvrage «&nbsp;<em>Saint-Chamas des origines à 1851</em>&nbsp;», écrit conjointement par Paul Lafran et Gustave Plantier, est édité en 1955.</p>



<p>Les activités de recherches sur la Préhistoire et le monde antique se multiplient : fouilles de l&rsquo;Abri Villard, de l&rsquo;Abri Arnoux, sondages au Collet du Verdon, à Miramas-Village, à Cornillon-Confoux, sur le port romain à Merveilles, à l’oppidum de Constantine, à Château-Virant, dans les quartiers des Paluns et des Baisses (Suriane, Calissanne, Moyroux), sur les rives de la Touloubre &#8230;</p>



<p>Les fouilles archéologiques n&rsquo;étant plus autorisées aux associations, ce sont des aspects du passé plus récent de Saint-Chamas qui sont présentés : histoire de la Poudrerie, le Pont Flavien, l&rsquo;explosion de 1936, la Révolution, le folklore, les habitations troglodytiques, la vie quotidienne des habitants du village au cours des siècles … Plus de cinquante publications vont se succéder grâce à l&rsquo;aide financière des municipalités successives.</p>



<p>Le 29 février 1980, les Amis du Vieux Saint-Chamas cède la propriété des collections à la Municipalité de Saint-Chamas. Le musée associatif devient musée municipal. Le 2 janvier 1983, association et mairie signent une convention donnant délégation aux Amis du Vieux Saint-Chamas pour continuer à gérer le musée municipal, entièrement rénové et inauguré le 6 juillet 1984. Il s&rsquo;enrichit considérablement grâce aux nombreux dons d&rsquo;adhérents ou de visiteurs sympathisants et aux acquisitions de la Municipalité.</p>



<p>Alors que les Amis du Vieux Saint-Chamas célèbrent leur cinquantième anniversaire, l’événement est endeuillé par la disparition de son fondateur, Paul Lafran, le 29 avril 1998. Pour célébrer son souvenir, le musée devient le «&nbsp;Musée Municipal Paul Lafran&nbsp;» le 10 mars 2000. Le 21 novembre 2021, d’un commun accord, l’association abandonne la gestion du musée municipal au profit de la seule Municipalité.</p>



<p>L’association poursuit son histoire emmenée aujourd’hui par Guy-Pierre Clauzel, son président depuis octobre 2021. Elle œuvre inlassablement pour suivre la voie tracée, fidèle aux buts fixés lors de sa création : études archéologiques, ethnologiques, historiques, sauvegarde du patrimoine, publications nouvelles, présentation d&rsquo;expositions diverses, devoirs de mémoire, voila les missions que les Amis du Vieux Saint-Chamas ont à cœur de réussir.</p>


<div class="wp-block-image">
<figure class="aligncenter size-large"><a href="https://avsc13.fr/site/wp-content/uploads/2023/04/327754480_564080879072483_4701720719967517049_n.jpg"><img loading="lazy" decoding="async" width="1024" height="768" src="https://avsc13.fr/site/wp-content/uploads/2023/04/327754480_564080879072483_4701720719967517049_n-1024x768.jpg" alt="" class="wp-image-359" srcset="https://avsc13.fr/site/wp-content/uploads/2023/04/327754480_564080879072483_4701720719967517049_n-1024x768.jpg 1024w, https://avsc13.fr/site/wp-content/uploads/2023/04/327754480_564080879072483_4701720719967517049_n-300x225.jpg 300w, https://avsc13.fr/site/wp-content/uploads/2023/04/327754480_564080879072483_4701720719967517049_n-768x576.jpg 768w, https://avsc13.fr/site/wp-content/uploads/2023/04/327754480_564080879072483_4701720719967517049_n-1536x1152.jpg 1536w, https://avsc13.fr/site/wp-content/uploads/2023/04/327754480_564080879072483_4701720719967517049_n.jpg 1728w" sizes="auto, (max-width: 1024px) 100vw, 1024px" /></a><figcaption class="wp-element-caption">Bibliothèque des Amis du Vieux Saint-Chamas</figcaption></figure>
</div>

<p>Afin d&rsquo;associer ses amis à ses recherches archéologiques, Paul Lafran, instituteur du village, fonde les « Amis du Vieux Saint-Chamas », association régie par la loi de 1901, sous le parrainage des « Amis du Vieil Istres »,&#46;&#46;&#46;</p>
