{"id":260,"date":"2023-04-13T23:01:38","date_gmt":"2023-04-13T22:01:38","guid":{"rendered":"https:\/\/avsc13.fr\/site\/?page_id=260"},"modified":"2023-04-15T08:14:20","modified_gmt":"2023-04-15T07:14:20","slug":"adhesion","status":"publish","type":"page","link":"https:\/\/avsc13.fr\/site\/adhesion\/","title":{"rendered":"Adh\u00e9sion"},"content":{"rendered":"\n<p>Prix de l\u2019adh\u00e9sion : 10 euros par an et par personne.<\/p>\n\n\n\n<p>Paiement par ch\u00e8que \u00e0 l\u2019ordre des Amis du Vieux Saint-Chamas.<\/p>\n\n\n\n<p>La carte de membre vous donne droit \u00e0 des tarifs pr\u00e9f\u00e9rentiels dans certains rendez-vous et vous permet de participer aux activit\u00e9s organis\u00e9es par l&rsquo;association.<\/p>\n\n\n\n<div data-wp-interactive=\"core\/file\" class=\"wp-block-file\"><object data-wp-bind--hidden=\"!state.hasPdfPreview\" hidden class=\"wp-block-file__embed\" data=\"https:\/\/avsc13.fr\/site\/wp-content\/uploads\/2023\/04\/AVSC-bulletin-adhesion.pdf\" type=\"application\/pdf\" style=\"width:100%;height:600px\" aria-label=\"Contenu embarqu\u00e9 Bulletin d&apos;adh\u00e9sion \u00e0 t\u00e9l\u00e9charger.\"><\/object><a id=\"wp-block-file--media-ab673645-a876-4994-b994-c408dba3f281\" href=\"https:\/\/avsc13.fr\/site\/wp-content\/uploads\/2023\/04\/AVSC-bulletin-adhesion.pdf\">Bulletin d&rsquo;adh\u00e9sion \u00e0 t\u00e9l\u00e9charger<\/a><a href=\"https:\/\/avsc13.fr\/site\/wp-content\/uploads\/2023\/04\/AVSC-bulletin-adhesion.pdf\" class=\"wp-block-file__button wp-element-button\" download aria-describedby=\"wp-block-file--media-ab673645-a876-4994-b994-c408dba3f281\">T\u00e9l\u00e9charger<\/a><\/div>\n","protected":false},"excerpt":{"rendered":"<p>Prix de l\u2019adh\u00e9sion : 10 euros par an et par personne. Paiement par ch\u00e8que \u00e0 l\u2019ordre des Amis du Vieux Saint-Chamas. La carte de membre vous donne droit \u00e0 des tarifs pr\u00e9f\u00e9rentiels dans certains&#46;&#46;&#46;<\/p>\n","protected":false},"author":1,"featured_media":0,"parent":0,"menu_order":0,"comment_status":"closed","ping_status":"closed","template":"","meta":{"footnotes":""},"class_list":["post-260","page","type-page","status-publish","hentry"],"_links":{"self":[{"href":"https:\/\/avsc13.fr\/site\/wp-json\/wp\/v2\/pages\/260","targetHints":{"allow":["GET"]}}],"collection":[{"href":"https:\/\/avsc13.fr\/site\/wp-json\/wp\/v2\/pages"}],"about":[{"href":"https:\/\/avsc13.fr\/site\/wp-json\/wp\/v2\/types\/page"}],"author":[{"embeddable":true,"href":"https:\/\/avsc13.fr\/site\/wp-json\/wp\/v2\/users\/1"}],"replies":[{"embeddable":true,"href":"https:\/\/avsc13.fr\/site\/wp-json\/wp\/v2\/comments?post=260"}],"version-history":[{"count":2,"href":"https:\/\/avsc13.fr\/site\/wp-json\/wp\/v2\/pages\/260\/revisions"}],"predecessor-version":[{"id":267,"href":"https:\/\/avsc13.fr\/site\/wp-json\/wp\/v2\/pages\/260\/revisions\/267"}],"wp:attachment":[{"href":"https:\/\/avsc13.fr\/site\/wp-json\/wp\/v2\/media?parent=260"}],"curies":[{"name":"wp","href":"https:\/\/api.w.org\/{rel}","templated":true}]}}